tor of 208 and 12573951.
13
Calculate the greatest common factor of 50419 and 80591.
397
What is the highest common divisor of 14784 and 2175789?
231
What is the greatest common divisor of 494078 and 310?
62
Calculate the greatest common divisor of 8 and 700927.
1
What is the highest common factor of 593673 and 6?
3
What is the greatest common divisor of 619801 and 686?
343
What is the greatest common divisor of 347 and 79643093?
347
What is the greatest common divisor of 534270 and 55?
55
What is the greatest common divisor of 176330 and 59990?
70
Calculate the greatest common divisor of 167535 and 622863.
459
Calculate the greatest common divisor of 558 and 194892939.
279
What is the greatest common factor of 2667 and 1945005?
381
Calculate the highest common factor of 160444 and 3376.
4
Calculate the greatest common factor of 79161 and 177.
3
Calculate the highest common divisor of 399 and 6952290.
57
Calculate the greatest common divisor of 659716 and 4192.
524
Calculate the greatest common factor of 6994876 and 56854.
1834
Calculate the greatest common divisor of 1360122 and 18.
6
What is the greatest common divisor of 1625 and 369681?
13
What is the greatest common factor of 5012529 and 37417?
71
Calculate the greatest common factor of 810028727 and 134.
67
Calculate the greatest common divisor of 121 and 1469962329.
121
What is the greatest common divisor of 30836 and 29497?
13
Calculate the highest common factor of 38863 and 158497446.
3533
Calculate the highest common factor of 58617406 and 16099.
947
What is the greatest common factor of 10293780 and 5250?
210
What is the greatest common factor of 72861 and 3282168?
489
What is the highest common factor of 39387551 and 2261?
133
Calculate the highest common divisor of 486240987 and 51.
51
What is the highest common factor of 720 and 221970?
30
What is the greatest common factor of 192140963 and 259?
259
What is the greatest common divisor of 1715901 and 6357?
489
What is the highest common factor of 726 and 2418790?
242
Calculate the greatest common divisor of 4110 and 1424937.
411
Calculate the greatest common divisor of 11264127 and 1237323.
6411
What is the greatest common factor of 18594774 and 1584?
198
Calculate the highest common divisor of 504431 and 6213.
19
What is the greatest common divisor of 2436 and 162041908?
812
What is the greatest common divisor of 182004 and 1002153?
87
What is the highest common divisor of 13826310 and 4650?
930
Calculate the greatest common divisor of 825 and 129484905.
165
What is the greatest common divisor of 1962 and 806346?
18
Calculate the greatest common factor of 1156765610 and 195.
65
Calculate the greatest common divisor of 500554384 and 1942.
1942
What is the greatest common factor of 125723 and 1274?
13
What is the highest common factor of 517117965 and 494?
247
Calculate the highest common factor of 24930 and 3354.
6
Calculate the highest common factor of 179454 and 32576339.
2719
Calculate the highest common factor of 6156 and 1075356.
324
Calculate the greatest common divisor of 885848529 and 174.
87
What is the highest common divisor of 47448 and 24390?
18
Calculate the highest common divisor of 9504930 and 555.
555
What is the highest common divisor of 679952 and 1352?
104
What is the greatest common divisor of 2772551 and 194?
97
What is the greatest common factor of 1499904 and 3328?
256
What is the highest common divisor of 391 and 10288544?
23
What is the greatest common factor of 14744120 and 185920?
3320
Calculate the highest common divisor of 1208 and 2717292716.
604
Calculate the highest common divisor of 16601875 and 292900.
2525
What is the highest common factor of 273 and 1585647?
21
What is the highest common divisor of 349 and 386?
1
What is the highest common factor of 208 and 30049?
1
Calculate the greatest common factor of 716 and 4986403.
179
Calculate the highest common divisor of 1582 and 1195201.
791
Calculate the highest common factor of 461338 and 43193.
919
What is the highest common divisor of 25490091 and 3069?
1023
Calculate the highest common divisor of 106 and 14564983.
53
Calculate the greatest common divisor of 9469 and 1921.
17
What is the greatest common divisor of 200867903 and 26571?
8857
Calculate the greatest common divisor of 13 and 3005533.
1
Calculate the highest common divisor of 33678144 and 41622.
5946
What is the highest common divisor of 6163074 and 1891?
61
Calculate the highest common factor of 16 and 988723352.
8
What is the greatest common factor of 315 and 4858665?
105
Calculate the greatest common factor of 3060704 and 14544.
1616
Calculate the highest common divisor of 59458 and 584598.
434
Calculate the highest common divisor of 3381 and 7488033.
147
What is the greatest common factor of 829404 and 24?
12
What is the highest common factor of 231889 and 626881?
211
What is the greatest common factor of 225712009 and 17?
17
What is the highest common factor of 72 and 91644248?
8
What is the highest common factor of 230658 and 23182168?
2078
What is the highest common divisor of 96093 and 9111040?
3559
Calculate the highest common divisor of 15048 and 768526440.
5016
Calculate the highest common factor of 39305021 and 1981.
1981
What is the highest common factor of 4477002 and 54?
6
What is the highest common divisor of 30839109 and 399?
399
What is the highest common divisor of 112 and 1484140?
28
Calculate the greatest common factor of 720126 and 150.
6
What is the greatest common factor of 4622500 and 125?
125
Calculate the highest common factor of 2997 and 135070128.
333
Calculate the highest common factor of 4400 and 5551600.
400
What is the highest common divisor of 1007 and 1832189?
19
What is the highest common divisor of 39450584 and 1258?
74
What is the greatest common divisor of 15 and 5808355?
5
Calculate the greatest common divisor of 160 and 350876720.
80
Calculate the greatest common divisor of 219 and 653734345.
73
Calculate the highest common divisor of 612 and 3574811.
17
Calculate the greatest common factor of 16327 and 25723.
29
What is the greatest common factor of 4616 and 270499331?
577
What is the greatest common divisor of 35788 and 3801697?
389
Calculate the highest common factor of 9615 and 126240.
15
What is the highest common divisor of 849 and 47332316?
283
What is the highest common divisor of 216 and 33527646?
18
What is the greatest common divisor of 18698549 and 2056?
257
Calculate the greatest common divisor of 25 and 14782810.
5
What is the greatest common factor of 544 and 269992?
8
What is the greatest common divisor of 393885 and 6300?
45
What is the greatest common factor of 16528029 and 10251?
3417
What is the greatest common factor of 858 and 5520801?
429
Calculate the greatest common factor of 202422 and 2629.
11
Calculate the highest common factor of 180288 and 121444.
1252
What is the greatest common factor of 4424 and 21018187?
79
What is the greatest common divisor of 9032 and 85141277?
1129
Calculate the highest common divisor of 860 and 311872.
4
What is the highest common factor of 1412680224 and 288?
96
What is the greatest common divisor of 1018523 and 55?
11
Calculate the greatest common factor of 1054 and 18736834.
62
What is the highest common factor of 31674206 and 202?
202
What is the highest common divisor of 3713 and 206585?
79
Calculate the highest common divisor of 366235 and 4539.
89
What is the greatest common factor of 1586 and 35613142?
122
Calculate the greatest common factor of 502690 and 2998398.
5914
Calculate the greatest common factor of 16265 and 9695.
5
What is the highest common divisor of 5791227 and 1956?
489
Calculate the highest common factor of 196219 and 10516.
239
Calculate the greatest common factor of 139240 and 988840.
2360
Calculate the highest common factor of 2451852 and 36828.
1116
What is the greatest common factor of 278663 and 221353?
11
Calculate the greatest common divisor of 104102784 and 32.
32
What is the greatest common factor of 64872 and 2156676?
636
What is the highest common divisor of 2104 and 343941406?
526
Calculate the highest common factor of 54800217 and 95841.
4167
What is the greatest common factor of 2160 and 29828?
4
Calculate the highest common factor of 783120 and 